{"id":753,"date":"2025-02-27T09:36:58","date_gmt":"2025-02-27T12:36:58","guid":{"rendered":"https:\/\/ocantinhodepapel.com\/?post_type=product&#038;p=753"},"modified":"2025-12-01T01:46:51","modified_gmt":"2025-12-01T04:46:51","slug":"jogo-da-velha-das-palavras","status":"publish","type":"product","link":"https:\/\/ocantinhodepapel.com\/index.php\/produto\/jogo-da-velha-das-palavras\/","title":{"rendered":"Jogo da Velha da Leitura"},"content":{"rendered":"<p>A atividade &#8220;Jogo da Velha da Leitura&#8221;, que consiste em comparar figuras com palavras, \u00e9 uma estrat\u00e9gia l\u00fadica e eficaz para auxiliar no processo de leitura.<\/p>\n<p>Ao associar imagens aos seus respectivos nomes, a crian\u00e7a amplia o vocabul\u00e1rio, desenvolve a percep\u00e7\u00e3o visual e fortalece a correspond\u00eancia entre som, imagem e escrita, tornando o aprendizado mais din\u00e2mico e divertido.<\/p>\n<p>Arquivo pronto para impress\u00e3o<\/p>\n","protected":false},"excerpt":{"rendered":"<p>A atividade &#8220;Jogo da Velha da Leitura&#8221;, que consiste em comparar figuras com palavras, \u00e9 uma estrat\u00e9gia l\u00fadica e eficaz para auxiliar no processo de leitura. Ao associar imagens aos seus respectivos nomes, a crian\u00e7a amplia o vocabul\u00e1rio, desenvolve a percep\u00e7\u00e3o visual e fortalece a correspond\u00eancia entre som, imagem e escrita, tornando o aprendizado mais [&hellip;]<\/p>\n","protected":false},"featured_media":755,"comment_status":"open","ping_status":"closed","template":"","meta":[],"product_brand":[],"product_cat":[34],"product_tag":[],"class_list":{"0":"post-753","1":"product","2":"type-product","3":"status-publish","4":"has-post-thumbnail","6":"product_cat-que-baratinho","8":"first","9":"instock","10":"downloadable","11":"shipping-taxable","12":"purchasable","13":"product-type-simple"},"jetpack_sharing_enabled":true,"_links":{"self":[{"href":"https:\/\/ocantinhodepapel.com\/index.php\/wp-json\/wp\/v2\/product\/753","targetHints":{"allow":["GET"]}}],"collection":[{"href":"https:\/\/ocantinhodepapel.com\/index.php\/wp-json\/wp\/v2\/product"}],"about":[{"href":"https:\/\/ocantinhodepapel.com\/index.php\/wp-json\/wp\/v2\/types\/product"}],"replies":[{"embeddable":true,"href":"https:\/\/ocantinhodepapel.com\/index.php\/wp-json\/wp\/v2\/comments?post=753"}],"wp:featuredmedia":[{"embeddable":true,"href":"https:\/\/ocantinhodepapel.com\/index.php\/wp-json\/wp\/v2\/media\/755"}],"wp:attachment":[{"href":"https:\/\/ocantinhodepapel.com\/index.php\/wp-json\/wp\/v2\/media?parent=753"}],"wp:term":[{"taxonomy":"product_brand","embeddable":true,"href":"https:\/\/ocantinhodepapel.com\/index.php\/wp-json\/wp\/v2\/product_brand?post=753"},{"taxonomy":"product_cat","embeddable":true,"href":"https:\/\/ocantinhodepapel.com\/index.php\/wp-json\/wp\/v2\/product_cat?post=753"},{"taxonomy":"product_tag","embeddable":true,"href":"https:\/\/ocantinhodepapel.com\/index.php\/wp-json\/wp\/v2\/product_tag?post=753"}],"curies":[{"name":"wp","href":"https:\/\/api.w.org\/{rel}","templated":true}]}}