{"id":6368,"date":"2026-03-15T14:17:23","date_gmt":"2026-03-15T17:17:23","guid":{"rendered":"https:\/\/ocantinhodepapel.com\/?post_type=product&#038;p=6368"},"modified":"2026-03-15T14:17:39","modified_gmt":"2026-03-15T17:17:39","slug":"painel-generoa-textuais","status":"publish","type":"product","link":"https:\/\/ocantinhodepapel.com\/index.php\/produto\/painel-generoa-textuais\/","title":{"rendered":"Painel G\u00eaneros Textuais"},"content":{"rendered":"<p data-start=\"111\" data-end=\"310\"><span dir=\"auto\">O <\/span><span dir=\"auto\">Painel de G\u00eaneros Textuais<\/span><span dir=\"auto\"> \u00e9 um material educativo com <\/span><span dir=\"auto\">16 g\u00eaneros textuais diferentes<\/span><span dir=\"auto\"> , cada um acompanhado de <\/span><span dir=\"auto\">breves explica\u00e7\u00f5es e ilustra\u00e7\u00f5es<\/span><span dir=\"auto\"> , facilitando a compreens\u00e3o por parte dos alunos.<\/span><\/p>\n<p data-start=\"312\" data-end=\"523\"><span dir=\"auto\">Ideal para <\/span><span dir=\"auto\">apresenta\u00e7\u00f5es em sala de aula<\/span><span dir=\"auto\"> ou em painel, auxilia o professor a apresentar e explorar diferentes tipos de textos de forma <\/span><span dir=\"auto\">visual, organizada e acess\u00edvel<\/span><span dir=\"auto\"> , tornando o aprendizado mais significativo.<br \/>\nArquivo em PDF<\/span><\/p>\n","protected":false},"excerpt":{"rendered":"<p>O Painel de G\u00eaneros Textuais \u00e9 um material educativo com 16 g\u00eaneros textuais diferentes , cada um acompanhado de breves explica\u00e7\u00f5es e ilustra\u00e7\u00f5es , facilitando a compreens\u00e3o por parte dos alunos. Ideal para apresenta\u00e7\u00f5es em sala de aula ou em painel, auxilia o professor a apresentar e explorar diferentes tipos de textos de forma visual, [&hellip;]<\/p>\n","protected":false},"featured_media":6370,"comment_status":"open","ping_status":"closed","template":"","meta":[],"product_brand":[],"product_cat":[15,24],"product_tag":[],"class_list":{"0":"post-6368","1":"product","2":"type-product","3":"status-publish","4":"has-post-thumbnail","6":"product_cat-o-cantinho-de-papel","7":"product_cat-recursos-pedagogicos","9":"first","10":"instock","11":"downloadable","12":"shipping-taxable","13":"purchasable","14":"product-type-simple"},"jetpack_sharing_enabled":true,"_links":{"self":[{"href":"https:\/\/ocantinhodepapel.com\/index.php\/wp-json\/wp\/v2\/product\/6368","targetHints":{"allow":["GET"]}}],"collection":[{"href":"https:\/\/ocantinhodepapel.com\/index.php\/wp-json\/wp\/v2\/product"}],"about":[{"href":"https:\/\/ocantinhodepapel.com\/index.php\/wp-json\/wp\/v2\/types\/product"}],"replies":[{"embeddable":true,"href":"https:\/\/ocantinhodepapel.com\/index.php\/wp-json\/wp\/v2\/comments?post=6368"}],"wp:featuredmedia":[{"embeddable":true,"href":"https:\/\/ocantinhodepapel.com\/index.php\/wp-json\/wp\/v2\/media\/6370"}],"wp:attachment":[{"href":"https:\/\/ocantinhodepapel.com\/index.php\/wp-json\/wp\/v2\/media?parent=6368"}],"wp:term":[{"taxonomy":"product_brand","embeddable":true,"href":"https:\/\/ocantinhodepapel.com\/index.php\/wp-json\/wp\/v2\/product_brand?post=6368"},{"taxonomy":"product_cat","embeddable":true,"href":"https:\/\/ocantinhodepapel.com\/index.php\/wp-json\/wp\/v2\/product_cat?post=6368"},{"taxonomy":"product_tag","embeddable":true,"href":"https:\/\/ocantinhodepapel.com\/index.php\/wp-json\/wp\/v2\/product_tag?post=6368"}],"curies":[{"name":"wp","href":"https:\/\/api.w.org\/{rel}","templated":true}]}}