{"id":6086,"date":"2026-03-06T19:23:44","date_gmt":"2026-03-06T22:23:44","guid":{"rendered":"https:\/\/ocantinhodepapel.com\/?post_type=product&#038;p=6086"},"modified":"2026-03-06T19:23:44","modified_gmt":"2026-03-06T22:23:44","slug":"frases-embaralhadas","status":"publish","type":"product","link":"https:\/\/ocantinhodepapel.com\/index.php\/produto\/frases-embaralhadas\/","title":{"rendered":"Frases Embaralhadas"},"content":{"rendered":"<p>Esse arquivo inclui 12 fichas com palavras de s\u00edlabas simples embaralhadas, que precisam ser organizadas na sequ\u00eancia correta para formar as frases.<\/p>\n<p>Essa proposta \u00e9 excelente para crian\u00e7as que j\u00e1 est\u00e3o realizando a leitura de palavras, e dessa forma podem alcan\u00e7ar desafios maiores como realizando a leitura de frases simples. Ela dever\u00e1 escrever as palavras seguindo a sequ\u00eancia indicada, e ap\u00f3s isso ler a frase que formou, e identificar a figura que se encaixa no espa\u00e7o correspondente.<\/p>\n<p>Com esse material voc\u00ea ir\u00e1 estimular sua crian\u00e7a a realizar leitura e interpreta\u00e7\u00e3o de frases e tamb\u00e9m<br \/>\ncompreender melhor como poder\u00e1 estruturar suas frases, no momento da escrita, criando repert\u00f3rios novos e muitas possibilidades criativas.<\/p>\n","protected":false},"excerpt":{"rendered":"<p>Esse arquivo inclui 12 fichas com palavras de s\u00edlabas simples embaralhadas, que precisam ser organizadas na sequ\u00eancia correta para formar as frases. Essa proposta \u00e9 excelente para crian\u00e7as que j\u00e1 est\u00e3o realizando a leitura de palavras, e dessa forma podem alcan\u00e7ar desafios maiores como realizando a leitura de frases simples. Ela dever\u00e1 escrever as palavras [&hellip;]<\/p>\n","protected":false},"featured_media":6088,"comment_status":"open","ping_status":"closed","template":"","meta":[],"product_brand":[],"product_cat":[15,24],"product_tag":[],"class_list":{"0":"post-6086","1":"product","2":"type-product","3":"status-publish","4":"has-post-thumbnail","6":"product_cat-o-cantinho-de-papel","7":"product_cat-recursos-pedagogicos","9":"first","10":"instock","11":"downloadable","12":"shipping-taxable","13":"purchasable","14":"product-type-simple"},"jetpack_sharing_enabled":true,"_links":{"self":[{"href":"https:\/\/ocantinhodepapel.com\/index.php\/wp-json\/wp\/v2\/product\/6086","targetHints":{"allow":["GET"]}}],"collection":[{"href":"https:\/\/ocantinhodepapel.com\/index.php\/wp-json\/wp\/v2\/product"}],"about":[{"href":"https:\/\/ocantinhodepapel.com\/index.php\/wp-json\/wp\/v2\/types\/product"}],"replies":[{"embeddable":true,"href":"https:\/\/ocantinhodepapel.com\/index.php\/wp-json\/wp\/v2\/comments?post=6086"}],"wp:featuredmedia":[{"embeddable":true,"href":"https:\/\/ocantinhodepapel.com\/index.php\/wp-json\/wp\/v2\/media\/6088"}],"wp:attachment":[{"href":"https:\/\/ocantinhodepapel.com\/index.php\/wp-json\/wp\/v2\/media?parent=6086"}],"wp:term":[{"taxonomy":"product_brand","embeddable":true,"href":"https:\/\/ocantinhodepapel.com\/index.php\/wp-json\/wp\/v2\/product_brand?post=6086"},{"taxonomy":"product_cat","embeddable":true,"href":"https:\/\/ocantinhodepapel.com\/index.php\/wp-json\/wp\/v2\/product_cat?post=6086"},{"taxonomy":"product_tag","embeddable":true,"href":"https:\/\/ocantinhodepapel.com\/index.php\/wp-json\/wp\/v2\/product_tag?post=6086"}],"curies":[{"name":"wp","href":"https:\/\/api.w.org\/{rel}","templated":true}]}}