{"id":4948,"date":"2026-01-21T01:48:21","date_gmt":"2026-01-21T04:48:21","guid":{"rendered":"https:\/\/ocantinhodepapel.com\/?post_type=product&#038;p=4948"},"modified":"2026-01-21T01:48:22","modified_gmt":"2026-01-21T04:48:22","slug":"90-planejamentos-pre","status":"publish","type":"product","link":"https:\/\/ocantinhodepapel.com\/index.php\/produto\/90-planejamentos-pre\/","title":{"rendered":"90 Planejamentos Pr\u00e9"},"content":{"rendered":"<p>Material com 90 propostas de atividades l\u00fadicas alinhadas a BNCC, elaborado para turmas de Pr\u00e9-escola. Esse material vai com os planejamentos prontos e 100% edit\u00e1veis atrav\u00e9s do Canva gratuito.<\/p>\n<p>As sugest\u00f5es encontradas nesse arquivo foram elaboradas para priorizar as viv\u00eancias e experi\u00eancias na Educa\u00e7\u00e3o Infantil!<\/p>\n<p>Material projetado para ser completamente flex\u00edvel e adapt\u00e1vel, permitindo que voc\u00ea personalize os planejamentos de acordo com suas necessidades e interesses espec\u00edficos da turma. Seja para explorar temas sazonais, abordar desafios espec\u00edficos de aprendizagem ou promover a criatividade e a imagina\u00e7\u00e3o das crian\u00e7as, os 90 planejamentos fornecer\u00e3o uma base s\u00f3lida para o planejamento de suas aulas.<\/p>\n<p>Principais benef\u00edcios oferecidos pelo material:<\/p>\n<ul>\n<li>90 planejamentos abrangentes para a pr\u00e9-escola.<\/li>\n<li>Variedade de temas e atividades para promover o desenvolvimento integral das crian\u00e7as.<\/li>\n<li>Flexibilidade para personalizar os planejamentos de acordo com as necessidades da turma.<\/li>\n<li>Material pr\u00e1tico e de f\u00e1cil aplica\u00e7\u00e3o em sala de aula.<\/li>\n<li>Ferramenta para promover uma educa\u00e7\u00e3o de qualidade e significativa, priorizando as viv\u00eancias e experi\u00eancias na Educa\u00e7\u00e3o Infantil.<\/li>\n<\/ul>\n","protected":false},"excerpt":{"rendered":"<p>Material com 90 propostas de atividades l\u00fadicas alinhadas a BNCC, elaborado para turmas de Pr\u00e9-escola. Esse material vai com os planejamentos prontos e 100% edit\u00e1veis atrav\u00e9s do Canva gratuito. As sugest\u00f5es encontradas nesse arquivo foram elaboradas para priorizar as viv\u00eancias e experi\u00eancias na Educa\u00e7\u00e3o Infantil! Material projetado para ser completamente flex\u00edvel e adapt\u00e1vel, permitindo que [&hellip;]<\/p>\n","protected":false},"featured_media":4950,"comment_status":"open","ping_status":"closed","template":"","meta":[],"product_brand":[],"product_cat":[24],"product_tag":[],"class_list":{"0":"post-4948","1":"product","2":"type-product","3":"status-publish","4":"has-post-thumbnail","6":"product_cat-recursos-pedagogicos","8":"first","9":"instock","10":"downloadable","11":"shipping-taxable","12":"purchasable","13":"product-type-simple"},"jetpack_sharing_enabled":true,"_links":{"self":[{"href":"https:\/\/ocantinhodepapel.com\/index.php\/wp-json\/wp\/v2\/product\/4948","targetHints":{"allow":["GET"]}}],"collection":[{"href":"https:\/\/ocantinhodepapel.com\/index.php\/wp-json\/wp\/v2\/product"}],"about":[{"href":"https:\/\/ocantinhodepapel.com\/index.php\/wp-json\/wp\/v2\/types\/product"}],"replies":[{"embeddable":true,"href":"https:\/\/ocantinhodepapel.com\/index.php\/wp-json\/wp\/v2\/comments?post=4948"}],"wp:featuredmedia":[{"embeddable":true,"href":"https:\/\/ocantinhodepapel.com\/index.php\/wp-json\/wp\/v2\/media\/4950"}],"wp:attachment":[{"href":"https:\/\/ocantinhodepapel.com\/index.php\/wp-json\/wp\/v2\/media?parent=4948"}],"wp:term":[{"taxonomy":"product_brand","embeddable":true,"href":"https:\/\/ocantinhodepapel.com\/index.php\/wp-json\/wp\/v2\/product_brand?post=4948"},{"taxonomy":"product_cat","embeddable":true,"href":"https:\/\/ocantinhodepapel.com\/index.php\/wp-json\/wp\/v2\/product_cat?post=4948"},{"taxonomy":"product_tag","embeddable":true,"href":"https:\/\/ocantinhodepapel.com\/index.php\/wp-json\/wp\/v2\/product_tag?post=4948"}],"curies":[{"name":"wp","href":"https:\/\/api.w.org\/{rel}","templated":true}]}}