{"id":4851,"date":"2026-01-17T03:05:14","date_gmt":"2026-01-17T06:05:14","guid":{"rendered":"https:\/\/ocantinhodepapel.com\/?post_type=product&#038;p=4851"},"modified":"2026-01-17T03:05:15","modified_gmt":"2026-01-17T06:05:15","slug":"historia-e-dinamica-volta-as-aulas","status":"publish","type":"product","link":"https:\/\/ocantinhodepapel.com\/index.php\/produto\/historia-e-dinamica-volta-as-aulas\/","title":{"rendered":"Historia e Din\u00e2mica Volta as aulas"},"content":{"rendered":"<p>Kit de conta\u00e7\u00e3o de hist\u00f3ria e din\u00e2mica de apresenta\u00e7\u00e3o para primeiro dia de aula. Essa proposta trabalha identidade e respeito \u00e0s diferen\u00e7as, e tamb\u00e9m \u00e9 uma excelente oportunidade para as crian\u00e7as se apresentarem para os colegas e para a professora.<\/p>\n<p>O kit inclui:<\/p>\n<ul>\n<li>Boneca gigante (43 cm de altura e 28 cm de largura)<\/li>\n<li>Hist\u00f3ria interativa<\/li>\n<li>Fichas para din\u00e2mica de apresenta\u00e7\u00e3o<\/li>\n<li>Personagens 3D (12 cm de altura e 7 cm de largura)<\/li>\n<li>O arquivo inclui tutorial para montagem dos materiais.<\/li>\n<\/ul>\n","protected":false},"excerpt":{"rendered":"<p>Kit de conta\u00e7\u00e3o de hist\u00f3ria e din\u00e2mica de apresenta\u00e7\u00e3o para primeiro dia de aula. Essa proposta trabalha identidade e respeito \u00e0s diferen\u00e7as, e tamb\u00e9m \u00e9 uma excelente oportunidade para as crian\u00e7as se apresentarem para os colegas e para a professora. O kit inclui: Boneca gigante (43 cm de altura e 28 cm de largura) Hist\u00f3ria [&hellip;]<\/p>\n","protected":false},"featured_media":4856,"comment_status":"open","ping_status":"closed","template":"","meta":[],"product_brand":[],"product_cat":[24],"product_tag":[],"class_list":{"0":"post-4851","1":"product","2":"type-product","3":"status-publish","4":"has-post-thumbnail","6":"product_cat-recursos-pedagogicos","8":"first","9":"instock","10":"downloadable","11":"shipping-taxable","12":"purchasable","13":"product-type-simple"},"jetpack_sharing_enabled":true,"_links":{"self":[{"href":"https:\/\/ocantinhodepapel.com\/index.php\/wp-json\/wp\/v2\/product\/4851","targetHints":{"allow":["GET"]}}],"collection":[{"href":"https:\/\/ocantinhodepapel.com\/index.php\/wp-json\/wp\/v2\/product"}],"about":[{"href":"https:\/\/ocantinhodepapel.com\/index.php\/wp-json\/wp\/v2\/types\/product"}],"replies":[{"embeddable":true,"href":"https:\/\/ocantinhodepapel.com\/index.php\/wp-json\/wp\/v2\/comments?post=4851"}],"wp:featuredmedia":[{"embeddable":true,"href":"https:\/\/ocantinhodepapel.com\/index.php\/wp-json\/wp\/v2\/media\/4856"}],"wp:attachment":[{"href":"https:\/\/ocantinhodepapel.com\/index.php\/wp-json\/wp\/v2\/media?parent=4851"}],"wp:term":[{"taxonomy":"product_brand","embeddable":true,"href":"https:\/\/ocantinhodepapel.com\/index.php\/wp-json\/wp\/v2\/product_brand?post=4851"},{"taxonomy":"product_cat","embeddable":true,"href":"https:\/\/ocantinhodepapel.com\/index.php\/wp-json\/wp\/v2\/product_cat?post=4851"},{"taxonomy":"product_tag","embeddable":true,"href":"https:\/\/ocantinhodepapel.com\/index.php\/wp-json\/wp\/v2\/product_tag?post=4851"}],"curies":[{"name":"wp","href":"https:\/\/api.w.org\/{rel}","templated":true}]}}