{"id":4741,"date":"2026-01-14T04:14:51","date_gmt":"2026-01-14T07:14:51","guid":{"rendered":"https:\/\/ocantinhodepapel.com\/?post_type=product&#038;p=4741"},"modified":"2026-01-14T04:14:52","modified_gmt":"2026-01-14T07:14:52","slug":"painel-volta-as-aulas-divertidamente","status":"publish","type":"product","link":"https:\/\/ocantinhodepapel.com\/index.php\/produto\/painel-volta-as-aulas-divertidamente\/","title":{"rendered":"Painel Volta as Aulas Divertidamente"},"content":{"rendered":"<p>Painel Volta \u00e0s Aulas Divertidamente para recepcionar as crian\u00e7as da Educa\u00e7\u00e3o Infantil e das s\u00e9ries iniciais do Ensino Fundamental.<\/p>\n<p>O arquivo j\u00e1 vai ampliado e pronto para impress\u00e3o, em formato PDF.<\/p>\n<p>As medidas do painel montado s\u00e3o 2m de largura x 1,4m de altura.<\/p>\n<p>Para impress\u00e3o recomendamos utilizar papel de gramatura 120 ou 180 e cola de silicone l\u00edquida.<\/p>\n","protected":false},"excerpt":{"rendered":"<p>Painel Volta \u00e0s Aulas Divertidamente para recepcionar as crian\u00e7as da Educa\u00e7\u00e3o Infantil e das s\u00e9ries iniciais do Ensino Fundamental. O arquivo j\u00e1 vai ampliado e pronto para impress\u00e3o, em formato PDF. As medidas do painel montado s\u00e3o 2m de largura x 1,4m de altura. Para impress\u00e3o recomendamos utilizar papel de gramatura 120 ou 180 e [&hellip;]<\/p>\n","protected":false},"featured_media":4745,"comment_status":"open","ping_status":"closed","template":"","meta":[],"product_brand":[],"product_cat":[26],"product_tag":[],"class_list":{"0":"post-4741","1":"product","2":"type-product","3":"status-publish","4":"has-post-thumbnail","6":"product_cat-datas-comemorativas","8":"first","9":"instock","10":"downloadable","11":"shipping-taxable","12":"purchasable","13":"product-type-simple"},"jetpack_sharing_enabled":true,"_links":{"self":[{"href":"https:\/\/ocantinhodepapel.com\/index.php\/wp-json\/wp\/v2\/product\/4741","targetHints":{"allow":["GET"]}}],"collection":[{"href":"https:\/\/ocantinhodepapel.com\/index.php\/wp-json\/wp\/v2\/product"}],"about":[{"href":"https:\/\/ocantinhodepapel.com\/index.php\/wp-json\/wp\/v2\/types\/product"}],"replies":[{"embeddable":true,"href":"https:\/\/ocantinhodepapel.com\/index.php\/wp-json\/wp\/v2\/comments?post=4741"}],"wp:featuredmedia":[{"embeddable":true,"href":"https:\/\/ocantinhodepapel.com\/index.php\/wp-json\/wp\/v2\/media\/4745"}],"wp:attachment":[{"href":"https:\/\/ocantinhodepapel.com\/index.php\/wp-json\/wp\/v2\/media?parent=4741"}],"wp:term":[{"taxonomy":"product_brand","embeddable":true,"href":"https:\/\/ocantinhodepapel.com\/index.php\/wp-json\/wp\/v2\/product_brand?post=4741"},{"taxonomy":"product_cat","embeddable":true,"href":"https:\/\/ocantinhodepapel.com\/index.php\/wp-json\/wp\/v2\/product_cat?post=4741"},{"taxonomy":"product_tag","embeddable":true,"href":"https:\/\/ocantinhodepapel.com\/index.php\/wp-json\/wp\/v2\/product_tag?post=4741"}],"curies":[{"name":"wp","href":"https:\/\/api.w.org\/{rel}","templated":true}]}}