{"id":4737,"date":"2026-01-14T04:11:24","date_gmt":"2026-01-14T07:11:24","guid":{"rendered":"https:\/\/ocantinhodepapel.com\/?post_type=product&#038;p=4737"},"modified":"2026-01-14T04:11:25","modified_gmt":"2026-01-14T07:11:25","slug":"painel-retorno-professores","status":"publish","type":"product","link":"https:\/\/ocantinhodepapel.com\/index.php\/produto\/painel-retorno-professores\/","title":{"rendered":"Painel Retorno Professores"},"content":{"rendered":"<p>Painel de Bem-Vindos Professores, para recepcionar os professores no retorno das aulas.<\/p>\n<p>O painel j\u00e1 vai ampliado e pronto para impress\u00e3o, no formato PDF.<\/p>\n<p>Para impress\u00e3o recomenda-se papel de gramatura 120 ou 180.<\/p>\n<p>Medidas aproximadas do painel montado: 1,5m x 1,5m.<\/p>\n","protected":false},"excerpt":{"rendered":"<p>Painel de Bem-Vindos Professores, para recepcionar os professores no retorno das aulas. O painel j\u00e1 vai ampliado e pronto para impress\u00e3o, no formato PDF. Para impress\u00e3o recomenda-se papel de gramatura 120 ou 180. Medidas aproximadas do painel montado: 1,5m x 1,5m.<\/p>\n","protected":false},"featured_media":4739,"comment_status":"open","ping_status":"closed","template":"","meta":[],"product_brand":[],"product_cat":[26],"product_tag":[],"class_list":{"0":"post-4737","1":"product","2":"type-product","3":"status-publish","4":"has-post-thumbnail","6":"product_cat-datas-comemorativas","8":"first","9":"instock","10":"downloadable","11":"shipping-taxable","12":"purchasable","13":"product-type-simple"},"jetpack_sharing_enabled":true,"_links":{"self":[{"href":"https:\/\/ocantinhodepapel.com\/index.php\/wp-json\/wp\/v2\/product\/4737","targetHints":{"allow":["GET"]}}],"collection":[{"href":"https:\/\/ocantinhodepapel.com\/index.php\/wp-json\/wp\/v2\/product"}],"about":[{"href":"https:\/\/ocantinhodepapel.com\/index.php\/wp-json\/wp\/v2\/types\/product"}],"replies":[{"embeddable":true,"href":"https:\/\/ocantinhodepapel.com\/index.php\/wp-json\/wp\/v2\/comments?post=4737"}],"wp:featuredmedia":[{"embeddable":true,"href":"https:\/\/ocantinhodepapel.com\/index.php\/wp-json\/wp\/v2\/media\/4739"}],"wp:attachment":[{"href":"https:\/\/ocantinhodepapel.com\/index.php\/wp-json\/wp\/v2\/media?parent=4737"}],"wp:term":[{"taxonomy":"product_brand","embeddable":true,"href":"https:\/\/ocantinhodepapel.com\/index.php\/wp-json\/wp\/v2\/product_brand?post=4737"},{"taxonomy":"product_cat","embeddable":true,"href":"https:\/\/ocantinhodepapel.com\/index.php\/wp-json\/wp\/v2\/product_cat?post=4737"},{"taxonomy":"product_tag","embeddable":true,"href":"https:\/\/ocantinhodepapel.com\/index.php\/wp-json\/wp\/v2\/product_tag?post=4737"}],"curies":[{"name":"wp","href":"https:\/\/api.w.org\/{rel}","templated":true}]}}