{"id":4604,"date":"2026-01-06T06:18:13","date_gmt":"2026-01-06T09:18:13","guid":{"rendered":"https:\/\/ocantinhodepapel.com\/?post_type=product&#038;p=4604"},"modified":"2026-01-06T06:18:14","modified_gmt":"2026-01-06T09:18:14","slug":"atividade-eu-sou-assim","status":"publish","type":"product","link":"https:\/\/ocantinhodepapel.com\/index.php\/produto\/atividade-eu-sou-assim\/","title":{"rendered":"Atividade &#8211; Eu sou assim!"},"content":{"rendered":"<p>Atividade interativa \u201ceu sou assim!\u201d para trabalhar o tema \u201cIdentidade\u201d com crian\u00e7as da educa\u00e7\u00e3o infantil. Essa proposta estimula a crian\u00e7a a fazer uma reflex\u00e3o sobre quem ela \u00e9, suas caracter\u00edsticas, gostos e prefer\u00eancias, possibilitando a constru\u00e7\u00e3o de uma autoimagem positiva, fortalecendo sua autoestima e confian\u00e7a. Al\u00e9m disso, essa atividade promove a aceita\u00e7\u00e3o da diversidade, permitindo que as crian\u00e7as reconhe\u00e7am e respeitem as diferen\u00e7as entre si e entre os outros.<\/p>\n<p>Ao trabalhar a identidade, as crian\u00e7as tamb\u00e9m podem desenvolver habilidades sociais, como a comunica\u00e7\u00e3o, o trabalho em equipe e a empatia, ao compartilharem suas experi\u00eancias e ao ouvirem as hist\u00f3rias dos colegas. Essa pr\u00e1tica contribui para a forma\u00e7\u00e3o de um ambiente inclusivo e acolhedor na sala de aula, onde todos se sentem valorizados e respeitados.<\/p>\n<p>Com essa proposta l\u00fadica \u00e9 poss\u00edvel trabalhar conte\u00fados como:<\/p>\n<ul>\n<li>Nome pr\u00f3prio<\/li>\n<li>Esquema corporal<\/li>\n<li>Idade<\/li>\n<li>Desenho<\/li>\n<li>Prefer\u00eancias pessoais<\/li>\n<li>Pintura<\/li>\n<li>Autoimagem<\/li>\n<\/ul>\n","protected":false},"excerpt":{"rendered":"<p>Atividade interativa \u201ceu sou assim!\u201d para trabalhar o tema \u201cIdentidade\u201d com crian\u00e7as da educa\u00e7\u00e3o infantil. Essa proposta estimula a crian\u00e7a a fazer uma reflex\u00e3o sobre quem ela \u00e9, suas caracter\u00edsticas, gostos e prefer\u00eancias, possibilitando a constru\u00e7\u00e3o de uma autoimagem positiva, fortalecendo sua autoestima e confian\u00e7a. Al\u00e9m disso, essa atividade promove a aceita\u00e7\u00e3o da diversidade, permitindo [&hellip;]<\/p>\n","protected":false},"featured_media":4607,"comment_status":"open","ping_status":"closed","template":"","meta":[],"product_brand":[],"product_cat":[24],"product_tag":[],"class_list":{"0":"post-4604","1":"product","2":"type-product","3":"status-publish","4":"has-post-thumbnail","6":"product_cat-recursos-pedagogicos","8":"first","9":"instock","10":"downloadable","11":"shipping-taxable","12":"purchasable","13":"product-type-simple"},"jetpack_sharing_enabled":true,"_links":{"self":[{"href":"https:\/\/ocantinhodepapel.com\/index.php\/wp-json\/wp\/v2\/product\/4604","targetHints":{"allow":["GET"]}}],"collection":[{"href":"https:\/\/ocantinhodepapel.com\/index.php\/wp-json\/wp\/v2\/product"}],"about":[{"href":"https:\/\/ocantinhodepapel.com\/index.php\/wp-json\/wp\/v2\/types\/product"}],"replies":[{"embeddable":true,"href":"https:\/\/ocantinhodepapel.com\/index.php\/wp-json\/wp\/v2\/comments?post=4604"}],"wp:featuredmedia":[{"embeddable":true,"href":"https:\/\/ocantinhodepapel.com\/index.php\/wp-json\/wp\/v2\/media\/4607"}],"wp:attachment":[{"href":"https:\/\/ocantinhodepapel.com\/index.php\/wp-json\/wp\/v2\/media?parent=4604"}],"wp:term":[{"taxonomy":"product_brand","embeddable":true,"href":"https:\/\/ocantinhodepapel.com\/index.php\/wp-json\/wp\/v2\/product_brand?post=4604"},{"taxonomy":"product_cat","embeddable":true,"href":"https:\/\/ocantinhodepapel.com\/index.php\/wp-json\/wp\/v2\/product_cat?post=4604"},{"taxonomy":"product_tag","embeddable":true,"href":"https:\/\/ocantinhodepapel.com\/index.php\/wp-json\/wp\/v2\/product_tag?post=4604"}],"curies":[{"name":"wp","href":"https:\/\/api.w.org\/{rel}","templated":true}]}}