{"id":4106,"date":"2025-11-14T00:32:34","date_gmt":"2025-11-14T03:32:34","guid":{"rendered":"https:\/\/ocantinhodepapel.com\/?post_type=product&#038;p=4106"},"modified":"2025-12-01T01:32:35","modified_gmt":"2025-12-01T04:32:35","slug":"palavras-em-silabas","status":"publish","type":"product","link":"https:\/\/ocantinhodepapel.com\/index.php\/produto\/palavras-em-silabas\/","title":{"rendered":"Palavras em S\u00edlabas"},"content":{"rendered":"<p>Arquivo &#8220;Palavras em S\u00edlabas&#8221; para trabalhar com crian\u00e7as da Educa\u00e7\u00e3o Especial. Essas atividades s\u00e3o projetadas para ajudar as crian\u00e7as a desenvolver habilidades de leitura, segmenta\u00e7\u00e3o sil\u00e1bica e compreens\u00e3o de palavras.<\/p>\n<p>O material vem em PDF pronto para impress\u00e3o e inclui 51 fichas em formato de giz. Nessa proposta, a crian\u00e7a desenvolver\u00e1 habilidades para formar palavras, enquanto se diverte e aprende as s\u00edlabas.<\/p>\n<p>Para montar o material, voc\u00ea pode utilizar velcro e EVA para colar as fichas.<\/p>\n<p>Objetivos da proposta:<\/p>\n<ul>\n<li>Desenvolvimento da Alfabetiza\u00e7\u00e3o<\/li>\n<li>Segmenta\u00e7\u00e3o Sil\u00e1bica<\/li>\n<li>Reconhecimento de Palavras<\/li>\n<li>Desenvolvimento Cognitivo<\/li>\n<li>Mem\u00f3ria e Reten\u00e7\u00e3o<\/li>\n<li>Racioc\u00ednio L\u00f3gico<\/li>\n<li>Desenvolvimento da Linguagem<\/li>\n<li>Vocabul\u00e1rio<\/li>\n<li>Pron\u00fancia e Flu\u00eancia<\/li>\n<li>Desenvolvimento Motor<\/li>\n<li>Coordena\u00e7\u00e3o Motora Fina<\/li>\n<li>Coordena\u00e7\u00e3o Olho-M\u00e3o<\/li>\n<li>Desenvolvimento Social e Emocional<\/li>\n<li>Trabalho em Equipe<\/li>\n<li>Autoestima e Confian\u00e7a<\/li>\n<li>Personaliza\u00e7\u00e3o e Inclus\u00e3o<\/li>\n<li>Adapta\u00e7\u00e3o \u00e0s Necessidades Individuais<\/li>\n<li>Engajamento: Fichas coloridas e interativas mant\u00eam as crian\u00e7as engajadas e motivadas para aprender.<\/li>\n<li>Est\u00edmulo Multissensorial:<\/li>\n<li>Aprendizado Visual e T\u00e1til<\/li>\n<li>Integra\u00e7\u00e3o Sensorial<\/li>\n<\/ul>\n","protected":false},"excerpt":{"rendered":"<p>Arquivo &#8220;Palavras em S\u00edlabas&#8221; para trabalhar com crian\u00e7as da Educa\u00e7\u00e3o Especial. Essas atividades s\u00e3o projetadas para ajudar as crian\u00e7as a desenvolver habilidades de leitura, segmenta\u00e7\u00e3o sil\u00e1bica e compreens\u00e3o de palavras. O material vem em PDF pronto para impress\u00e3o e inclui 51 fichas em formato de giz. Nessa proposta, a crian\u00e7a desenvolver\u00e1 habilidades para formar palavras, [&hellip;]<\/p>\n","protected":false},"featured_media":4108,"comment_status":"open","ping_status":"closed","template":"","meta":[],"product_brand":[],"product_cat":[24],"product_tag":[],"class_list":{"0":"post-4106","1":"product","2":"type-product","3":"status-publish","4":"has-post-thumbnail","6":"product_cat-recursos-pedagogicos","8":"first","9":"instock","10":"downloadable","11":"shipping-taxable","12":"purchasable","13":"product-type-simple"},"jetpack_sharing_enabled":true,"_links":{"self":[{"href":"https:\/\/ocantinhodepapel.com\/index.php\/wp-json\/wp\/v2\/product\/4106","targetHints":{"allow":["GET"]}}],"collection":[{"href":"https:\/\/ocantinhodepapel.com\/index.php\/wp-json\/wp\/v2\/product"}],"about":[{"href":"https:\/\/ocantinhodepapel.com\/index.php\/wp-json\/wp\/v2\/types\/product"}],"replies":[{"embeddable":true,"href":"https:\/\/ocantinhodepapel.com\/index.php\/wp-json\/wp\/v2\/comments?post=4106"}],"wp:featuredmedia":[{"embeddable":true,"href":"https:\/\/ocantinhodepapel.com\/index.php\/wp-json\/wp\/v2\/media\/4108"}],"wp:attachment":[{"href":"https:\/\/ocantinhodepapel.com\/index.php\/wp-json\/wp\/v2\/media?parent=4106"}],"wp:term":[{"taxonomy":"product_brand","embeddable":true,"href":"https:\/\/ocantinhodepapel.com\/index.php\/wp-json\/wp\/v2\/product_brand?post=4106"},{"taxonomy":"product_cat","embeddable":true,"href":"https:\/\/ocantinhodepapel.com\/index.php\/wp-json\/wp\/v2\/product_cat?post=4106"},{"taxonomy":"product_tag","embeddable":true,"href":"https:\/\/ocantinhodepapel.com\/index.php\/wp-json\/wp\/v2\/product_tag?post=4106"}],"curies":[{"name":"wp","href":"https:\/\/api.w.org\/{rel}","templated":true}]}}