{"id":3928,"date":"2025-11-06T16:44:13","date_gmt":"2025-11-06T19:44:13","guid":{"rendered":"https:\/\/ocantinhodepapel.com\/?post_type=product&#038;p=3928"},"modified":"2025-12-01T01:34:14","modified_gmt":"2025-12-01T04:34:14","slug":"atividades-guirlandas","status":"publish","type":"product","link":"https:\/\/ocantinhodepapel.com\/index.php\/produto\/atividades-guirlandas\/","title":{"rendered":"Atividades Guirlandas"},"content":{"rendered":"<p>Propostas de atividades em formato de Guirlandas para trabalhar o tema Natal com crian\u00e7as da Educa\u00e7\u00e3o Infantil.<\/p>\n<p>As atividades v\u00e3o na op\u00e7\u00e3o colorida e para colorir.<\/p>\n<p>O arquivo inclui as seguintes atividades:<\/p>\n<ul>\n<li>Guirlanda para recortar e colar o pres\u00e9pio, op\u00e7\u00e3o de colar a foto da crian\u00e7a<\/li>\n<li>Guirlanda para recortar e montar dobradura e sinos<\/li>\n<\/ul>\n<p>O arquivo vai em PDF pronto para impress\u00e3o<\/p>\n","protected":false},"excerpt":{"rendered":"<p>Propostas de atividades em formato de Guirlandas para trabalhar o tema Natal com crian\u00e7as da Educa\u00e7\u00e3o Infantil. As atividades v\u00e3o na op\u00e7\u00e3o colorida e para colorir. O arquivo inclui as seguintes atividades: Guirlanda para recortar e colar o pres\u00e9pio, op\u00e7\u00e3o de colar a foto da crian\u00e7a Guirlanda para recortar e montar dobradura e sinos O [&hellip;]<\/p>\n","protected":false},"featured_media":3931,"comment_status":"open","ping_status":"closed","template":"","meta":[],"product_brand":[],"product_cat":[26],"product_tag":[],"class_list":{"0":"post-3928","1":"product","2":"type-product","3":"status-publish","4":"has-post-thumbnail","6":"product_cat-datas-comemorativas","8":"first","9":"instock","10":"downloadable","11":"shipping-taxable","12":"purchasable","13":"product-type-simple"},"jetpack_sharing_enabled":true,"_links":{"self":[{"href":"https:\/\/ocantinhodepapel.com\/index.php\/wp-json\/wp\/v2\/product\/3928","targetHints":{"allow":["GET"]}}],"collection":[{"href":"https:\/\/ocantinhodepapel.com\/index.php\/wp-json\/wp\/v2\/product"}],"about":[{"href":"https:\/\/ocantinhodepapel.com\/index.php\/wp-json\/wp\/v2\/types\/product"}],"replies":[{"embeddable":true,"href":"https:\/\/ocantinhodepapel.com\/index.php\/wp-json\/wp\/v2\/comments?post=3928"}],"wp:featuredmedia":[{"embeddable":true,"href":"https:\/\/ocantinhodepapel.com\/index.php\/wp-json\/wp\/v2\/media\/3931"}],"wp:attachment":[{"href":"https:\/\/ocantinhodepapel.com\/index.php\/wp-json\/wp\/v2\/media?parent=3928"}],"wp:term":[{"taxonomy":"product_brand","embeddable":true,"href":"https:\/\/ocantinhodepapel.com\/index.php\/wp-json\/wp\/v2\/product_brand?post=3928"},{"taxonomy":"product_cat","embeddable":true,"href":"https:\/\/ocantinhodepapel.com\/index.php\/wp-json\/wp\/v2\/product_cat?post=3928"},{"taxonomy":"product_tag","embeddable":true,"href":"https:\/\/ocantinhodepapel.com\/index.php\/wp-json\/wp\/v2\/product_tag?post=3928"}],"curies":[{"name":"wp","href":"https:\/\/api.w.org\/{rel}","templated":true}]}}