{"id":3891,"date":"2025-11-06T03:20:42","date_gmt":"2025-11-06T06:20:42","guid":{"rendered":"https:\/\/ocantinhodepapel.com\/?post_type=product&#038;p=3891"},"modified":"2025-12-01T01:34:53","modified_gmt":"2025-12-01T04:34:53","slug":"livrinho-minhas-lembrancas","status":"publish","type":"product","link":"https:\/\/ocantinhodepapel.com\/index.php\/produto\/livrinho-minhas-lembrancas\/","title":{"rendered":"Livrinho Minhas Lembran\u00e7as"},"content":{"rendered":"<p>Livrinho \u201cMinhas Lembran\u00e7as 2025\u201d para turmas da Educa\u00e7\u00e3o Infantil e s\u00e9ries iniciais do Ensino Fundamental.<\/p>\n<p>O material vai nas op\u00e7\u00f5es: Colorida e para colorir, menino e menina.<\/p>\n<p>Proposta linda que utiliza apenas 1 folha tamanho A4 para cada livrinho.<\/p>\n<p>O arquivo vai em PDF pronto para impress\u00e3o.<\/p>\n","protected":false},"excerpt":{"rendered":"<p>Livrinho \u201cMinhas Lembran\u00e7as 2025\u201d para turmas da Educa\u00e7\u00e3o Infantil e s\u00e9ries iniciais do Ensino Fundamental. O material vai nas op\u00e7\u00f5es: Colorida e para colorir, menino e menina. Proposta linda que utiliza apenas 1 folha tamanho A4 para cada livrinho. O arquivo vai em PDF pronto para impress\u00e3o.<\/p>\n","protected":false},"featured_media":3893,"comment_status":"open","ping_status":"closed","template":"","meta":[],"product_brand":[],"product_cat":[26],"product_tag":[],"class_list":{"0":"post-3891","1":"product","2":"type-product","3":"status-publish","4":"has-post-thumbnail","6":"product_cat-datas-comemorativas","8":"first","9":"instock","10":"downloadable","11":"shipping-taxable","12":"purchasable","13":"product-type-simple"},"jetpack_sharing_enabled":true,"_links":{"self":[{"href":"https:\/\/ocantinhodepapel.com\/index.php\/wp-json\/wp\/v2\/product\/3891","targetHints":{"allow":["GET"]}}],"collection":[{"href":"https:\/\/ocantinhodepapel.com\/index.php\/wp-json\/wp\/v2\/product"}],"about":[{"href":"https:\/\/ocantinhodepapel.com\/index.php\/wp-json\/wp\/v2\/types\/product"}],"replies":[{"embeddable":true,"href":"https:\/\/ocantinhodepapel.com\/index.php\/wp-json\/wp\/v2\/comments?post=3891"}],"wp:featuredmedia":[{"embeddable":true,"href":"https:\/\/ocantinhodepapel.com\/index.php\/wp-json\/wp\/v2\/media\/3893"}],"wp:attachment":[{"href":"https:\/\/ocantinhodepapel.com\/index.php\/wp-json\/wp\/v2\/media?parent=3891"}],"wp:term":[{"taxonomy":"product_brand","embeddable":true,"href":"https:\/\/ocantinhodepapel.com\/index.php\/wp-json\/wp\/v2\/product_brand?post=3891"},{"taxonomy":"product_cat","embeddable":true,"href":"https:\/\/ocantinhodepapel.com\/index.php\/wp-json\/wp\/v2\/product_cat?post=3891"},{"taxonomy":"product_tag","embeddable":true,"href":"https:\/\/ocantinhodepapel.com\/index.php\/wp-json\/wp\/v2\/product_tag?post=3891"}],"curies":[{"name":"wp","href":"https:\/\/api.w.org\/{rel}","templated":true}]}}