{"id":3725,"date":"2025-10-24T15:30:42","date_gmt":"2025-10-24T18:30:42","guid":{"rendered":"https:\/\/ocantinhodepapel.com\/?post_type=product&#038;p=3725"},"modified":"2025-12-01T01:35:37","modified_gmt":"2025-12-01T04:35:37","slug":"construcao-de-palavras","status":"publish","type":"product","link":"https:\/\/ocantinhodepapel.com\/index.php\/produto\/construcao-de-palavras\/","title":{"rendered":"Constru\u00e7\u00e3o de Palavras"},"content":{"rendered":"<p>O arquivo Constru\u00e7\u00e3o de Palavras inclui 38 p\u00e1ginas de atividades, com palavras variadas, divididas em s\u00edlabas para a crian\u00e7a recortar e montar no caderno, organizando as partes corretamente.<\/p>\n<p>Esse tipo de atividade funciona muito bem para crian\u00e7as sil\u00e1bicas, pois elas realizam a leitura das s\u00edlabas e conseguem consolidar o entendimento do nosso sistema de escrita, e dessa forma avan\u00e7ar para o n\u00edvel alfab\u00e9tico.<\/p>\n<p>Essa proposta tamb\u00e9m possibilita ampliar o vocabul\u00e1rio oral e escrito, por meio da forma\u00e7\u00e3o de palavras, e construir palavras por meio das jun\u00e7\u00f5es s\u00edlabas.<\/p>\n","protected":false},"excerpt":{"rendered":"<p>O arquivo Constru\u00e7\u00e3o de Palavras inclui 38 p\u00e1ginas de atividades, com palavras variadas, divididas em s\u00edlabas para a crian\u00e7a recortar e montar no caderno, organizando as partes corretamente. Esse tipo de atividade funciona muito bem para crian\u00e7as sil\u00e1bicas, pois elas realizam a leitura das s\u00edlabas e conseguem consolidar o entendimento do nosso sistema de escrita, [&hellip;]<\/p>\n","protected":false},"featured_media":3727,"comment_status":"open","ping_status":"closed","template":"","meta":[],"product_brand":[],"product_cat":[24],"product_tag":[],"class_list":{"0":"post-3725","1":"product","2":"type-product","3":"status-publish","4":"has-post-thumbnail","6":"product_cat-recursos-pedagogicos","8":"first","9":"instock","10":"downloadable","11":"shipping-taxable","12":"purchasable","13":"product-type-simple"},"jetpack_sharing_enabled":true,"_links":{"self":[{"href":"https:\/\/ocantinhodepapel.com\/index.php\/wp-json\/wp\/v2\/product\/3725","targetHints":{"allow":["GET"]}}],"collection":[{"href":"https:\/\/ocantinhodepapel.com\/index.php\/wp-json\/wp\/v2\/product"}],"about":[{"href":"https:\/\/ocantinhodepapel.com\/index.php\/wp-json\/wp\/v2\/types\/product"}],"replies":[{"embeddable":true,"href":"https:\/\/ocantinhodepapel.com\/index.php\/wp-json\/wp\/v2\/comments?post=3725"}],"wp:featuredmedia":[{"embeddable":true,"href":"https:\/\/ocantinhodepapel.com\/index.php\/wp-json\/wp\/v2\/media\/3727"}],"wp:attachment":[{"href":"https:\/\/ocantinhodepapel.com\/index.php\/wp-json\/wp\/v2\/media?parent=3725"}],"wp:term":[{"taxonomy":"product_brand","embeddable":true,"href":"https:\/\/ocantinhodepapel.com\/index.php\/wp-json\/wp\/v2\/product_brand?post=3725"},{"taxonomy":"product_cat","embeddable":true,"href":"https:\/\/ocantinhodepapel.com\/index.php\/wp-json\/wp\/v2\/product_cat?post=3725"},{"taxonomy":"product_tag","embeddable":true,"href":"https:\/\/ocantinhodepapel.com\/index.php\/wp-json\/wp\/v2\/product_tag?post=3725"}],"curies":[{"name":"wp","href":"https:\/\/api.w.org\/{rel}","templated":true}]}}