{"id":2254,"date":"2025-06-20T15:57:26","date_gmt":"2025-06-20T18:57:26","guid":{"rendered":"https:\/\/ocantinhodepapel.com\/?post_type=product&#038;p=2254"},"modified":"2025-12-01T01:41:00","modified_gmt":"2025-12-01T04:41:00","slug":"lapbook-minhas-ferias","status":"publish","type":"product","link":"https:\/\/ocantinhodepapel.com\/index.php\/produto\/lapbook-minhas-ferias\/","title":{"rendered":"Lapbook Minhas F\u00e9rias"},"content":{"rendered":"<p>Lapbook Minhas F\u00e9rias para trabalhar o tema com crian\u00e7as da Educa\u00e7\u00e3o Infantil.<\/p>\n<p>O arquivo vai na op\u00e7\u00e3o colorida e para colorir. Cada atividade utiliza apenas 1 folha A4.<\/p>\n<p>O arquivo vai em PDF pronto para impress\u00e3o.<\/p>\n","protected":false},"excerpt":{"rendered":"<p>Lapbook Minhas F\u00e9rias para trabalhar o tema com crian\u00e7as da Educa\u00e7\u00e3o Infantil. O arquivo vai na op\u00e7\u00e3o colorida e para colorir. Cada atividade utiliza apenas 1 folha A4. O arquivo vai em PDF pronto para impress\u00e3o.<\/p>\n","protected":false},"featured_media":2256,"comment_status":"open","ping_status":"closed","template":"","meta":[],"product_brand":[],"product_cat":[26],"product_tag":[],"class_list":{"0":"post-2254","1":"product","2":"type-product","3":"status-publish","4":"has-post-thumbnail","6":"product_cat-datas-comemorativas","8":"first","9":"instock","10":"downloadable","11":"shipping-taxable","12":"purchasable","13":"product-type-simple"},"jetpack_sharing_enabled":true,"_links":{"self":[{"href":"https:\/\/ocantinhodepapel.com\/index.php\/wp-json\/wp\/v2\/product\/2254","targetHints":{"allow":["GET"]}}],"collection":[{"href":"https:\/\/ocantinhodepapel.com\/index.php\/wp-json\/wp\/v2\/product"}],"about":[{"href":"https:\/\/ocantinhodepapel.com\/index.php\/wp-json\/wp\/v2\/types\/product"}],"replies":[{"embeddable":true,"href":"https:\/\/ocantinhodepapel.com\/index.php\/wp-json\/wp\/v2\/comments?post=2254"}],"wp:featuredmedia":[{"embeddable":true,"href":"https:\/\/ocantinhodepapel.com\/index.php\/wp-json\/wp\/v2\/media\/2256"}],"wp:attachment":[{"href":"https:\/\/ocantinhodepapel.com\/index.php\/wp-json\/wp\/v2\/media?parent=2254"}],"wp:term":[{"taxonomy":"product_brand","embeddable":true,"href":"https:\/\/ocantinhodepapel.com\/index.php\/wp-json\/wp\/v2\/product_brand?post=2254"},{"taxonomy":"product_cat","embeddable":true,"href":"https:\/\/ocantinhodepapel.com\/index.php\/wp-json\/wp\/v2\/product_cat?post=2254"},{"taxonomy":"product_tag","embeddable":true,"href":"https:\/\/ocantinhodepapel.com\/index.php\/wp-json\/wp\/v2\/product_tag?post=2254"}],"curies":[{"name":"wp","href":"https:\/\/api.w.org\/{rel}","templated":true}]}}