{"id":1771,"date":"2025-05-18T18:28:15","date_gmt":"2025-05-18T21:28:15","guid":{"rendered":"https:\/\/ocantinhodepapel.com\/?post_type=product&#038;p=1771"},"modified":"2025-12-01T01:42:21","modified_gmt":"2025-12-01T04:42:21","slug":"kit-faca-bonito","status":"publish","type":"product","link":"https:\/\/ocantinhodepapel.com\/index.php\/produto\/kit-faca-bonito\/","title":{"rendered":"Kit Fa\u00e7a Bonito"},"content":{"rendered":"<p>Kit Fa\u00e7a bonito, para trabalhar o tema &#8220;COMBATE AO ABUSO E \u00c0 EXPLORA\u00c7\u00c3O SEXUAL DE CRIAN\u00c7AS E ADOLESCENTES&#8221;.<\/p>\n<p>Inclui:<\/p>\n<ul>\n<li>Sem\u00e1foro do toque cartaz 4 p\u00e1ginas<\/li>\n<li>Sem\u00e1foro do toque 1 p\u00e1gina<\/li>\n<li>Sem\u00e1foro do toque atividade menino e menina<\/li>\n<li>Luva musical &#8220;Nisso e naquilo&#8221;<\/li>\n<li>Cartaz 18 de Maio<\/li>\n<li>Tag para adesivo de camiseta ou palitoche<\/li>\n<\/ul>\n","protected":false},"excerpt":{"rendered":"<p>Kit Fa\u00e7a bonito, para trabalhar o tema &#8220;COMBATE AO ABUSO E \u00c0 EXPLORA\u00c7\u00c3O SEXUAL DE CRIAN\u00c7AS E ADOLESCENTES&#8221;. Inclui: Sem\u00e1foro do toque cartaz 4 p\u00e1ginas Sem\u00e1foro do toque 1 p\u00e1gina Sem\u00e1foro do toque atividade menino e menina Luva musical &#8220;Nisso e naquilo&#8221; Cartaz 18 de Maio Tag para adesivo de camiseta ou palitoche<\/p>\n","protected":false},"featured_media":1773,"comment_status":"open","ping_status":"closed","template":"","meta":[],"product_brand":[],"product_cat":[26,24],"product_tag":[],"class_list":{"0":"post-1771","1":"product","2":"type-product","3":"status-publish","4":"has-post-thumbnail","6":"product_cat-datas-comemorativas","7":"product_cat-recursos-pedagogicos","9":"first","10":"instock","11":"downloadable","12":"shipping-taxable","13":"purchasable","14":"product-type-simple"},"jetpack_sharing_enabled":true,"_links":{"self":[{"href":"https:\/\/ocantinhodepapel.com\/index.php\/wp-json\/wp\/v2\/product\/1771","targetHints":{"allow":["GET"]}}],"collection":[{"href":"https:\/\/ocantinhodepapel.com\/index.php\/wp-json\/wp\/v2\/product"}],"about":[{"href":"https:\/\/ocantinhodepapel.com\/index.php\/wp-json\/wp\/v2\/types\/product"}],"replies":[{"embeddable":true,"href":"https:\/\/ocantinhodepapel.com\/index.php\/wp-json\/wp\/v2\/comments?post=1771"}],"wp:featuredmedia":[{"embeddable":true,"href":"https:\/\/ocantinhodepapel.com\/index.php\/wp-json\/wp\/v2\/media\/1773"}],"wp:attachment":[{"href":"https:\/\/ocantinhodepapel.com\/index.php\/wp-json\/wp\/v2\/media?parent=1771"}],"wp:term":[{"taxonomy":"product_brand","embeddable":true,"href":"https:\/\/ocantinhodepapel.com\/index.php\/wp-json\/wp\/v2\/product_brand?post=1771"},{"taxonomy":"product_cat","embeddable":true,"href":"https:\/\/ocantinhodepapel.com\/index.php\/wp-json\/wp\/v2\/product_cat?post=1771"},{"taxonomy":"product_tag","embeddable":true,"href":"https:\/\/ocantinhodepapel.com\/index.php\/wp-json\/wp\/v2\/product_tag?post=1771"}],"curies":[{"name":"wp","href":"https:\/\/api.w.org\/{rel}","templated":true}]}}