{"id":1633,"date":"2025-05-05T11:00:35","date_gmt":"2025-05-05T14:00:35","guid":{"rendered":"https:\/\/ocantinhodepapel.com\/?post_type=product&#038;p=1633"},"modified":"2025-12-01T01:43:06","modified_gmt":"2025-12-01T04:43:06","slug":"leia-e-marque","status":"publish","type":"product","link":"https:\/\/ocantinhodepapel.com\/index.php\/produto\/leia-e-marque\/","title":{"rendered":"Leia e Marque"},"content":{"rendered":"<p>O arquivoLeia e Marque inclui 20 frases diferentes para a crian\u00e7a realizar a leitura, identificar e marcar qual imagem corresponde a frase.<br \/>\nO arquivo tamb\u00e9m inclui uma caixinha para guardar o material.<br \/>\nS\u00e3o frases curtas e simples,para crian\u00e7as que est\u00e3o em fase de alfabetiza\u00e7\u00e3o e iniciaram a leiturade palavras e frases de s\u00edlabas curtas.<\/p>\n<p>Esse recurso \u00e9 excelente para estimular a leitura e desenvolver a compreens\u00e3o leitora de forma prazerosa e l\u00fadica. Para utilizar as fichas voc\u00ea pode utilizar papel contact e canetas para quadro branco, e dessa forma reutilizar a mesma ficha v\u00e1rias vezes, ou utilizar o material como atividade no caderno.<\/p>\n<p>Todas as frases v\u00e3o nas tr\u00eas op\u00e7\u00f5es abaixo:<\/p>\n<p>Letra bast\u00e3o mai\u00fascula<br \/>\nLetra bast\u00e3o min\u00fascula<br \/>\nLetra cursiva<\/p>\n","protected":false},"excerpt":{"rendered":"<p>O arquivoLeia e Marque inclui 20 frases diferentes para a crian\u00e7a realizar a leitura, identificar e marcar qual imagem corresponde a frase. O arquivo tamb\u00e9m inclui uma caixinha para guardar o material. S\u00e3o frases curtas e simples,para crian\u00e7as que est\u00e3o em fase de alfabetiza\u00e7\u00e3o e iniciaram a leiturade palavras e frases de s\u00edlabas curtas. Esse [&hellip;]<\/p>\n","protected":false},"featured_media":1635,"comment_status":"open","ping_status":"closed","template":"","meta":[],"product_brand":[],"product_cat":[24],"product_tag":[],"class_list":{"0":"post-1633","1":"product","2":"type-product","3":"status-publish","4":"has-post-thumbnail","6":"product_cat-recursos-pedagogicos","8":"first","9":"instock","10":"downloadable","11":"shipping-taxable","12":"purchasable","13":"product-type-simple"},"jetpack_sharing_enabled":true,"_links":{"self":[{"href":"https:\/\/ocantinhodepapel.com\/index.php\/wp-json\/wp\/v2\/product\/1633","targetHints":{"allow":["GET"]}}],"collection":[{"href":"https:\/\/ocantinhodepapel.com\/index.php\/wp-json\/wp\/v2\/product"}],"about":[{"href":"https:\/\/ocantinhodepapel.com\/index.php\/wp-json\/wp\/v2\/types\/product"}],"replies":[{"embeddable":true,"href":"https:\/\/ocantinhodepapel.com\/index.php\/wp-json\/wp\/v2\/comments?post=1633"}],"wp:featuredmedia":[{"embeddable":true,"href":"https:\/\/ocantinhodepapel.com\/index.php\/wp-json\/wp\/v2\/media\/1635"}],"wp:attachment":[{"href":"https:\/\/ocantinhodepapel.com\/index.php\/wp-json\/wp\/v2\/media?parent=1633"}],"wp:term":[{"taxonomy":"product_brand","embeddable":true,"href":"https:\/\/ocantinhodepapel.com\/index.php\/wp-json\/wp\/v2\/product_brand?post=1633"},{"taxonomy":"product_cat","embeddable":true,"href":"https:\/\/ocantinhodepapel.com\/index.php\/wp-json\/wp\/v2\/product_cat?post=1633"},{"taxonomy":"product_tag","embeddable":true,"href":"https:\/\/ocantinhodepapel.com\/index.php\/wp-json\/wp\/v2\/product_tag?post=1633"}],"curies":[{"name":"wp","href":"https:\/\/api.w.org\/{rel}","templated":true}]}}