{"id":1363,"date":"2025-04-19T18:05:16","date_gmt":"2025-04-19T21:05:16","guid":{"rendered":"https:\/\/ocantinhodepapel.com\/?post_type=product&#038;p=1363"},"modified":"2025-12-01T01:44:09","modified_gmt":"2025-12-01T04:44:09","slug":"tabuada-de-pitagoras","status":"publish","type":"product","link":"https:\/\/ocantinhodepapel.com\/index.php\/produto\/tabuada-de-pitagoras\/","title":{"rendered":"Tabuada de Pit\u00e1goras"},"content":{"rendered":"<p class=\"\" data-start=\"0\" data-end=\"302\"><strong data-start=\"52\" data-end=\"76\">Tabuada de Pit\u00e1goras<\/strong>, um recurso visual e manipulativo para ensinar e refor\u00e7ar a multiplica\u00e7\u00e3o. A ferramenta consiste em uma tabela com os n\u00fameros de 1 a 10 dispostos nas linhas e colunas, formando um quadro com os resultados das multiplica\u00e7\u00f5es.<\/p>\n<p class=\"\" data-start=\"304\" data-end=\"549\">O diferencial est\u00e1 nas <strong data-start=\"327\" data-end=\"349\">duas fichas m\u00f3veis<\/strong> em forma de janelas recortadas (verdes), que os alunos podem encaixar sobre a linha e a coluna correspondentes aos fatores da multiplica\u00e7\u00e3o. Assim, o ponto de interse\u00e7\u00e3o revela o produto (resultado).<\/p>\n<h3 class=\"\" data-start=\"551\" data-end=\"578\">Descri\u00e7\u00e3o da Atividade:<\/h3>\n<ul data-start=\"579\" data-end=\"1024\">\n<li class=\"\" data-start=\"579\" data-end=\"623\">\n<p class=\"\" data-start=\"581\" data-end=\"623\"><strong data-start=\"581\" data-end=\"600\">Nome do recurso<\/strong>: Tabuada de Pit\u00e1goras.<\/p>\n<\/li>\n<li class=\"\" data-start=\"624\" data-end=\"718\">\n<p class=\"\" data-start=\"626\" data-end=\"718\"><strong data-start=\"626\" data-end=\"638\">Objetivo<\/strong>: Facilitar a visualiza\u00e7\u00e3o da multiplica\u00e7\u00e3o como uma rela\u00e7\u00e3o entre dois fatores.<\/p>\n<\/li>\n<li class=\"\" data-start=\"719\" data-end=\"818\">\n<p class=\"\" data-start=\"721\" data-end=\"818\"><strong data-start=\"721\" data-end=\"733\">Material<\/strong>: Quadro com a tabuada completa plastificado e duas fichas verdes com janelas m\u00f3veis.<\/p>\n<\/li>\n<li class=\"\" data-start=\"819\" data-end=\"1024\">\n<p class=\"\" data-start=\"821\" data-end=\"838\"><strong data-start=\"821\" data-end=\"837\">Modo de usar<\/strong>:<\/p>\n<ol data-start=\"841\" data-end=\"1024\">\n<li class=\"\" data-start=\"841\" data-end=\"878\">\n<p class=\"\" data-start=\"844\" data-end=\"878\">Escolhe-se dois n\u00fameros (fatores).<\/p>\n<\/li>\n<li class=\"\" data-start=\"881\" data-end=\"939\">\n<p class=\"\" data-start=\"884\" data-end=\"939\">Posicionam-se as fichas nas respectivas linha e coluna.<\/p>\n<\/li>\n<li class=\"\" data-start=\"942\" data-end=\"1024\">\n<p class=\"\" data-start=\"945\" data-end=\"1024\">O n\u00famero no ponto de cruzamento das fichas mostra o resultado da multiplica\u00e7\u00e3o.<\/p>\n<\/li>\n<\/ol>\n<\/li>\n<\/ul>\n<p class=\"\" data-start=\"1026\" data-end=\"1175\">Esse recurso \u00e9 excelente para alunos com dificuldades de aten\u00e7\u00e3o, como alunos com TEA, pois permite o uso concreto e visual da opera\u00e7\u00e3o matem\u00e1tica.<\/p>\n","protected":false},"excerpt":{"rendered":"<p>Tabuada de Pit\u00e1goras, um recurso visual e manipulativo para ensinar e refor\u00e7ar a multiplica\u00e7\u00e3o. A ferramenta consiste em uma tabela com os n\u00fameros de 1 a 10 dispostos nas linhas e colunas, formando um quadro com os resultados das multiplica\u00e7\u00f5es. O diferencial est\u00e1 nas duas fichas m\u00f3veis em forma de janelas recortadas (verdes), que os [&hellip;]<\/p>\n","protected":false},"featured_media":1365,"comment_status":"open","ping_status":"closed","template":"","meta":[],"product_brand":[],"product_cat":[33,34],"product_tag":[],"class_list":{"0":"post-1363","1":"product","2":"type-product","3":"status-publish","4":"has-post-thumbnail","6":"product_cat-matematica","7":"product_cat-que-baratinho","9":"first","10":"instock","11":"downloadable","12":"shipping-taxable","13":"purchasable","14":"product-type-simple"},"jetpack_sharing_enabled":true,"_links":{"self":[{"href":"https:\/\/ocantinhodepapel.com\/index.php\/wp-json\/wp\/v2\/product\/1363","targetHints":{"allow":["GET"]}}],"collection":[{"href":"https:\/\/ocantinhodepapel.com\/index.php\/wp-json\/wp\/v2\/product"}],"about":[{"href":"https:\/\/ocantinhodepapel.com\/index.php\/wp-json\/wp\/v2\/types\/product"}],"replies":[{"embeddable":true,"href":"https:\/\/ocantinhodepapel.com\/index.php\/wp-json\/wp\/v2\/comments?post=1363"}],"wp:featuredmedia":[{"embeddable":true,"href":"https:\/\/ocantinhodepapel.com\/index.php\/wp-json\/wp\/v2\/media\/1365"}],"wp:attachment":[{"href":"https:\/\/ocantinhodepapel.com\/index.php\/wp-json\/wp\/v2\/media?parent=1363"}],"wp:term":[{"taxonomy":"product_brand","embeddable":true,"href":"https:\/\/ocantinhodepapel.com\/index.php\/wp-json\/wp\/v2\/product_brand?post=1363"},{"taxonomy":"product_cat","embeddable":true,"href":"https:\/\/ocantinhodepapel.com\/index.php\/wp-json\/wp\/v2\/product_cat?post=1363"},{"taxonomy":"product_tag","embeddable":true,"href":"https:\/\/ocantinhodepapel.com\/index.php\/wp-json\/wp\/v2\/product_tag?post=1363"}],"curies":[{"name":"wp","href":"https:\/\/api.w.org\/{rel}","templated":true}]}}