{"id":1139,"date":"2025-03-29T17:29:31","date_gmt":"2025-03-29T20:29:31","guid":{"rendered":"https:\/\/ocantinhodepapel.com\/?post_type=product&#038;p=1139"},"modified":"2025-12-01T01:45:01","modified_gmt":"2025-12-01T04:45:01","slug":"livrinho-cultura-indigena","status":"publish","type":"product","link":"https:\/\/ocantinhodepapel.com\/index.php\/produto\/livrinho-cultura-indigena\/","title":{"rendered":"Livrinho Cultura Ind\u00edgena"},"content":{"rendered":"<p>Atividade interativa para trabalhar a cultura ind\u00edgena com crian\u00e7as da educa\u00e7\u00e3o infantil e s\u00e9ries iniciais do ensino fundamental.<\/p>\n<p>O arquivo vai em PDF pronto para impress\u00e3o, e vai na op\u00e7\u00e3o de desenhos para colorir ou fotos ilustrativas. Arquivo lindo que ir\u00e1 encantar seu aluno e despertar curiosidade e respeito pela cultura ind\u00edgena.<\/p>\n<p>Essa proposta oferece os seguintes benef\u00edcios:<\/p>\n<ul>\n<li>Valoriza\u00e7\u00e3o da diversidade cultural: Ao introduzir a cultura ind\u00edgena de forma interativa, as crian\u00e7as aprendem desde cedo a valorizar e respeitar a diversidade cultural, desenvolvendo uma vis\u00e3o mais ampla e inclusiva da sociedade.<\/li>\n<li>Est\u00edmulo \u00e0 curiosidade e ao interesse: Essa proposta desperta a curiosidade e o interesse das crian\u00e7as, motivando-as a explorar e aprender mais sobre os povos ind\u00edgenas, suas tradi\u00e7\u00f5es, costumes e modos de vida.<\/li>\n<li>Desenvolvimento do respeito e da empatia: Ao conhecerem a cultura dos povos ind\u00edgenas de forma interativa, as crian\u00e7as desenvolvem o respeito pela diversidade cultural e a capacidade de se colocar no lugar do outro, exercitando a empatia e a toler\u00e2ncia.<\/li>\n<li>Aprendizado significativo: As atividades interativas permitem que as crian\u00e7as aprendam de forma mais significativa, pois est\u00e3o envolvidas em experi\u00eancias pr\u00e1ticas e sensoriais que facilitam a compreens\u00e3o e a internaliza\u00e7\u00e3o dos conhecimentos sobre a cultura ind\u00edgena.<\/li>\n<li>Fortalecimento da identidade cultural: Ao conhecerem e se engajarem em atividades relacionadas \u00e0 cultura ind\u00edgena, as crian\u00e7as podem fortalecer sua pr\u00f3pria identidade cultural, reconhecendo e valorizando suas origens e a diversidade presente na sociedade.<\/li>\n<\/ul>\n","protected":false},"excerpt":{"rendered":"<p>Atividade interativa para trabalhar a cultura ind\u00edgena com crian\u00e7as da educa\u00e7\u00e3o infantil e s\u00e9ries iniciais do ensino fundamental. O arquivo vai em PDF pronto para impress\u00e3o, e vai na op\u00e7\u00e3o de desenhos para colorir ou fotos ilustrativas. Arquivo lindo que ir\u00e1 encantar seu aluno e despertar curiosidade e respeito pela cultura ind\u00edgena. Essa proposta oferece [&hellip;]<\/p>\n","protected":false},"featured_media":1141,"comment_status":"open","ping_status":"closed","template":"","meta":[],"product_brand":[],"product_cat":[26],"product_tag":[],"class_list":{"0":"post-1139","1":"product","2":"type-product","3":"status-publish","4":"has-post-thumbnail","6":"product_cat-datas-comemorativas","8":"first","9":"instock","10":"downloadable","11":"shipping-taxable","12":"purchasable","13":"product-type-simple"},"jetpack_sharing_enabled":true,"_links":{"self":[{"href":"https:\/\/ocantinhodepapel.com\/index.php\/wp-json\/wp\/v2\/product\/1139","targetHints":{"allow":["GET"]}}],"collection":[{"href":"https:\/\/ocantinhodepapel.com\/index.php\/wp-json\/wp\/v2\/product"}],"about":[{"href":"https:\/\/ocantinhodepapel.com\/index.php\/wp-json\/wp\/v2\/types\/product"}],"replies":[{"embeddable":true,"href":"https:\/\/ocantinhodepapel.com\/index.php\/wp-json\/wp\/v2\/comments?post=1139"}],"wp:featuredmedia":[{"embeddable":true,"href":"https:\/\/ocantinhodepapel.com\/index.php\/wp-json\/wp\/v2\/media\/1141"}],"wp:attachment":[{"href":"https:\/\/ocantinhodepapel.com\/index.php\/wp-json\/wp\/v2\/media?parent=1139"}],"wp:term":[{"taxonomy":"product_brand","embeddable":true,"href":"https:\/\/ocantinhodepapel.com\/index.php\/wp-json\/wp\/v2\/product_brand?post=1139"},{"taxonomy":"product_cat","embeddable":true,"href":"https:\/\/ocantinhodepapel.com\/index.php\/wp-json\/wp\/v2\/product_cat?post=1139"},{"taxonomy":"product_tag","embeddable":true,"href":"https:\/\/ocantinhodepapel.com\/index.php\/wp-json\/wp\/v2\/product_tag?post=1139"}],"curies":[{"name":"wp","href":"https:\/\/api.w.org\/{rel}","templated":true}]}}