{"id":1115,"date":"2025-03-29T16:56:05","date_gmt":"2025-03-29T19:56:05","guid":{"rendered":"https:\/\/ocantinhodepapel.com\/?post_type=product&#038;p=1115"},"modified":"2025-12-01T01:45:04","modified_gmt":"2025-12-01T04:45:04","slug":"lendas-indigenas","status":"publish","type":"product","link":"https:\/\/ocantinhodepapel.com\/index.php\/produto\/lendas-indigenas\/","title":{"rendered":"Lendas Ind\u00edgenas"},"content":{"rendered":"<p>Livro Lendas Ind\u00edgenas para trabalhar a cultura ind\u00edgena com crian\u00e7as da educa\u00e7\u00e3o infantil e ensino fundamental. O arquivo inclui 12 lendas Ind\u00edgenas ilustradas e o arquivo vai em PDF pronto para impress\u00e3o. O material tamb\u00e9m acompanha v\u00eddeo tutorial de montagem.<\/p>\n<p>Objetivos do material:<\/p>\n<ul>\n<li>Promover o Conhecimento Cultural: Permitir que as crian\u00e7as conhe\u00e7am e valorizem a rica cultura ind\u00edgena brasileira, suas hist\u00f3rias, mitos e tradi\u00e7\u00f5es.<\/li>\n<li>Desenvolver o Respeito \u00e0 Diversidade: Estimular o respeito e a valoriza\u00e7\u00e3o das diferentes culturas e modos de vida, promovendo a compreens\u00e3o e a toler\u00e2ncia desde cedo.<\/li>\n<li>Estimular a Imagina\u00e7\u00e3o e Criatividade: Proporcionar um ambiente prop\u00edcio para a imagina\u00e7\u00e3o e a criatividade das crian\u00e7as, ao explorar hist\u00f3rias fant\u00e1sticas e lendas cheias de elementos m\u00e1gicos.<\/li>\n<li>Trabalhar Valores e Li\u00e7\u00f5es de Vida: Utilizar as lendas ind\u00edgenas para transmitir valores como respeito \u00e0 natureza, solidariedade, coragem, amizade, entre outros, por meio das hist\u00f3rias dos personagens e suas jornadas.<\/li>\n<li>Desenvolver a Linguagem Oral e Escrita: Estimular a linguagem oral ao narrar e discutir as hist\u00f3rias, e tamb\u00e9m a escrita ao permitir que as crian\u00e7as criem suas pr\u00f3prias vers\u00f5es das lendas ou fa\u00e7am ilustra\u00e7\u00f5es relacionadas.<\/li>\n<li>Incentivar a Intera\u00e7\u00e3o e o Debate: Proporcionar momentos de intera\u00e7\u00e3o e debate em grupo, onde as crian\u00e7as possam expressar suas opini\u00f5es, fazer perguntas e trocar ideias sobre as lendas ou os temas abordados nelas.<\/li>\n<li>Promover a Conex\u00e3o com a Natureza: Por meio das lendas que frequentemente abordam elementos da natureza, como animais, plantas e fen\u00f4menos naturais, estimular a conex\u00e3o das crian\u00e7as com o meio ambiente e a import\u00e2ncia da preserva\u00e7\u00e3o ambiental.<\/li>\n<\/ul>\n","protected":false},"excerpt":{"rendered":"<p>Livro Lendas Ind\u00edgenas para trabalhar a cultura ind\u00edgena com crian\u00e7as da educa\u00e7\u00e3o infantil e ensino fundamental. O arquivo inclui 12 lendas Ind\u00edgenas ilustradas e o arquivo vai em PDF pronto para impress\u00e3o. O material tamb\u00e9m acompanha v\u00eddeo tutorial de montagem. Objetivos do material: Promover o Conhecimento Cultural: Permitir que as crian\u00e7as conhe\u00e7am e valorizem a [&hellip;]<\/p>\n","protected":false},"featured_media":1118,"comment_status":"open","ping_status":"closed","template":"","meta":[],"product_brand":[],"product_cat":[26],"product_tag":[],"class_list":{"0":"post-1115","1":"product","2":"type-product","3":"status-publish","4":"has-post-thumbnail","6":"product_cat-datas-comemorativas","8":"first","9":"instock","10":"downloadable","11":"shipping-taxable","12":"purchasable","13":"product-type-simple"},"jetpack_sharing_enabled":true,"_links":{"self":[{"href":"https:\/\/ocantinhodepapel.com\/index.php\/wp-json\/wp\/v2\/product\/1115","targetHints":{"allow":["GET"]}}],"collection":[{"href":"https:\/\/ocantinhodepapel.com\/index.php\/wp-json\/wp\/v2\/product"}],"about":[{"href":"https:\/\/ocantinhodepapel.com\/index.php\/wp-json\/wp\/v2\/types\/product"}],"replies":[{"embeddable":true,"href":"https:\/\/ocantinhodepapel.com\/index.php\/wp-json\/wp\/v2\/comments?post=1115"}],"wp:featuredmedia":[{"embeddable":true,"href":"https:\/\/ocantinhodepapel.com\/index.php\/wp-json\/wp\/v2\/media\/1118"}],"wp:attachment":[{"href":"https:\/\/ocantinhodepapel.com\/index.php\/wp-json\/wp\/v2\/media?parent=1115"}],"wp:term":[{"taxonomy":"product_brand","embeddable":true,"href":"https:\/\/ocantinhodepapel.com\/index.php\/wp-json\/wp\/v2\/product_brand?post=1115"},{"taxonomy":"product_cat","embeddable":true,"href":"https:\/\/ocantinhodepapel.com\/index.php\/wp-json\/wp\/v2\/product_cat?post=1115"},{"taxonomy":"product_tag","embeddable":true,"href":"https:\/\/ocantinhodepapel.com\/index.php\/wp-json\/wp\/v2\/product_tag?post=1115"}],"curies":[{"name":"wp","href":"https:\/\/api.w.org\/{rel}","templated":true}]}}